[INFO] cloning repository https://github.com/Hoverbear/rust-rosetta
[INFO] running `Command { std: "git" "-c" "credential.helper=" "-c" "credential.helper=/workspace/cargo-home/bin/git-credential-null" "clone" "--bare" "https://github.com/Hoverbear/rust-rosetta" "/workspace/cache/git-repos/https%3A%2F%2Fgithub.com%2FHoverbear%2Frust-rosetta", kill_on_drop: false }`
[INFO] [stderr] Cloning into bare repository '/workspace/cache/git-repos/https%3A%2F%2Fgithub.com%2FHoverbear%2Frust-rosetta'...
[INFO] running `Command { std: "git" "rev-parse" "HEAD", kill_on_drop: false }`
[INFO] [stdout] 7eb684854addfe95735fbde2aa9af32fb873385c
[INFO] checking Hoverbear/rust-rosetta against master#cfbc6d4cf1acbac5c025acf8ed68929caa551df3 for pr-75494-beta
[INFO] running `Command { std: "git" "clone" "/workspace/cache/git-repos/https%3A%2F%2Fgithub.com%2FHoverbear%2Frust-rosetta" "/workspace/builds/worker-13/source", kill_on_drop: false }`
[INFO] [stderr] Cloning into '/workspace/builds/worker-13/source'...
[INFO] [stderr] done.
[INFO] validating manifest of git repo https://github.com/Hoverbear/rust-rosetta on toolchain cfbc6d4cf1acbac5c025acf8ed68929caa551df3
[INFO] running `Command { std: "/workspace/cargo-home/bin/cargo" "+cfbc6d4cf1acbac5c025acf8ed68929caa551df3" "read-manifest" "--manifest-path" "Cargo.toml", kill_on_drop: false }`
[INFO] started tweaking git repo https://github.com/Hoverbear/rust-rosetta
[INFO] removed workspace from git repo https://github.com/Hoverbear/rust-rosetta
[INFO] removed path dependency meta from git repo https://github.com/Hoverbear/rust-rosetta
[INFO] finished tweaking git repo https://github.com/Hoverbear/rust-rosetta
[INFO] tweaked toml for git repo https://github.com/Hoverbear/rust-rosetta written to /workspace/builds/worker-13/source/Cargo.toml
[INFO] crate git repo https://github.com/Hoverbear/rust-rosetta already has a lockfile, it will not be regenerated
[INFO] running `Command { std: "/workspace/cargo-home/bin/cargo" "+cfbc6d4cf1acbac5c025acf8ed68929caa551df3" "fetch" "--locked" "--manifest-path" "Cargo.toml", kill_on_drop: false }`
[INFO] [stderr] warning: dependency (meta) specified without providing a local path, Git repository, or version to use. This will be considered an error in future versions
[INFO] [stderr]     Updating crates.io index
[INFO] [stderr] error: the lock file /workspace/builds/worker-13/source/Cargo.lock needs to be updated but --locked was passed to prevent this
[INFO] [stderr] If you want to try to generate the lock file without accessing the network, use the --offline flag.
[INFO] the lockfile is outdated, regenerating it
[INFO] running `Command { std: "/workspace/cargo-home/bin/cargo" "+cfbc6d4cf1acbac5c025acf8ed68929caa551df3" "generate-lockfile" "--manifest-path" "Cargo.toml" "-Zno-index-update", kill_on_drop: false }`
[INFO] running `Command { std: "/workspace/cargo-home/bin/cargo" "+cfbc6d4cf1acbac5c025acf8ed68929caa551df3" "fetch" "--locked" "--manifest-path" "Cargo.toml", kill_on_drop: false }`
[INFO] [stderr] warning: dependency (meta) specified without providing a local path, Git repository, or version to use. This will be considered an error in future versions
[INFO] [stderr]  Downloading crates ...
[INFO] [stderr]   Downloaded publicsuffix v1.5.4
[INFO] [stderr]   Downloaded flate2 v1.0.17
[INFO] [stderr]   Downloaded addr2line v0.13.0
[INFO] [stderr]   Downloaded env_logger v0.5.13
[INFO] [stderr]   Downloaded error-chain v0.12.4
[INFO] [stderr]   Downloaded backtrace v0.3.50
[INFO] [stderr]   Downloaded difference v2.0.0
[INFO] [stderr]   Downloaded gimli v0.22.0
[INFO] [stderr]   Downloaded adler v0.2.3
[INFO] [stderr]   Downloaded miniz_oxide v0.4.1
[INFO] [stderr]   Downloaded reqwest v0.9.24
[INFO] [stderr]   Downloaded meta v0.1.0
[INFO] running `Command { std: "docker" "create" "-v" "/var/lib/crater-agent-workspace/builds/worker-13/target:/opt/rustwide/target:rw,Z" "-v" "/var/lib/crater-agent-workspace/builds/worker-13/source:/opt/rustwide/workdir:ro,Z" "-v" "/var/lib/crater-agent-workspace/cargo-home:/opt/rustwide/cargo-home:ro,Z" "-v" "/var/lib/crater-agent-workspace/rustup-home:/opt/rustwide/rustup-home:ro,Z" "-e" "SOURCE_DIR=/opt/rustwide/workdir" "-e" "CARGO_TARGET_DIR=/opt/rustwide/target" "-e" "CARGO_HOME=/opt/rustwide/cargo-home" "-e" "RUSTUP_HOME=/opt/rustwide/rustup-home" "-w" "/opt/rustwide/workdir" "-m" "1610612736" "--user" "0:0" "--network" "none" "rustops/crates-build-env@sha256:a636fd89d022f18117e1dc8fb37a0a009933cdbbe082814857f0e2024962d47c" "/opt/rustwide/cargo-home/bin/cargo" "+cfbc6d4cf1acbac5c025acf8ed68929caa551df3" "metadata" "--no-deps" "--format-version=1", kill_on_drop: false }`
[INFO] [stdout] 4b39a6b3727d8b82aeb38a69cf657c966fa5c52457923280e5244eab347225e7
[INFO] [stderr] WARNING: Your kernel does not support swap limit capabilities or the cgroup is not mounted. Memory limited without swap.
[INFO] running `Command { std: "docker" "start" "-a" "4b39a6b3727d8b82aeb38a69cf657c966fa5c52457923280e5244eab347225e7", kill_on_drop: false }`
[INFO] running `Command { std: "docker" "inspect" "4b39a6b3727d8b82aeb38a69cf657c966fa5c52457923280e5244eab347225e7", kill_on_drop: false }`
[INFO] running `Command { std: "docker" "rm" "-f" "4b39a6b3727d8b82aeb38a69cf657c966fa5c52457923280e5244eab347225e7", kill_on_drop: false }`
[INFO] [stdout] 4b39a6b3727d8b82aeb38a69cf657c966fa5c52457923280e5244eab347225e7
[INFO] running `Command { std: "docker" "create" "-v" "/var/lib/crater-agent-workspace/builds/worker-13/target:/opt/rustwide/target:rw,Z" "-v" "/var/lib/crater-agent-workspace/builds/worker-13/source:/opt/rustwide/workdir:ro,Z" "-v" "/var/lib/crater-agent-workspace/cargo-home:/opt/rustwide/cargo-home:ro,Z" "-v" "/var/lib/crater-agent-workspace/rustup-home:/opt/rustwide/rustup-home:ro,Z" "-e" "SOURCE_DIR=/opt/rustwide/workdir" "-e" "CARGO_TARGET_DIR=/opt/rustwide/target" "-e" "CARGO_INCREMENTAL=0" "-e" "RUST_BACKTRACE=full" "-e" "RUSTFLAGS=--cap-lints=forbid" "-e" "CARGO_HOME=/opt/rustwide/cargo-home" "-e" "RUSTUP_HOME=/opt/rustwide/rustup-home" "-w" "/opt/rustwide/workdir" "-m" "1610612736" "--user" "0:0" "--network" "none" "rustops/crates-build-env@sha256:a636fd89d022f18117e1dc8fb37a0a009933cdbbe082814857f0e2024962d47c" "/opt/rustwide/cargo-home/bin/cargo" "+cfbc6d4cf1acbac5c025acf8ed68929caa551df3" "check" "--frozen" "--all" "--all-targets" "--message-format=json", kill_on_drop: false }`
[INFO] [stdout] 4e3ab3b9c4a575f9741eaf2ceb395706bf6a247ea957fab59748c740f504df17
[INFO] [stderr] WARNING: Your kernel does not support swap limit capabilities or the cgroup is not mounted. Memory limited without swap.
[INFO] running `Command { std: "docker" "start" "-a" "4e3ab3b9c4a575f9741eaf2ceb395706bf6a247ea957fab59748c740f504df17", kill_on_drop: false }`
[INFO] [stderr] warning: dependency (meta) specified without providing a local path, Git repository, or version to use. This will be considered an error in future versions
[INFO] [stderr]    Compiling libc v0.2.76
[INFO] [stderr]     Checking cfg-if v0.1.10
[INFO] [stderr]     Checking lazy_static v1.4.0
[INFO] [stderr]    Compiling log v0.4.11
[INFO] [stderr]    Compiling byteorder v1.3.4
[INFO] [stderr]    Compiling maybe-uninit v2.0.0
[INFO] [stderr]    Compiling autocfg v0.1.7
[INFO] [stderr]     Checking matches v0.1.8
[INFO] [stderr]     Checking tinyvec v0.3.4
[INFO] [stderr]     Checking fnv v1.0.7
[INFO] [stderr]    Compiling cc v1.0.59
[INFO] [stderr]    Compiling bitflags v1.2.1
[INFO] [stderr]    Compiling memchr v2.3.3
[INFO] [stderr]    Compiling proc-macro2 v0.4.30
[INFO] [stderr]     Checking adler v0.2.3
[INFO] [stderr]     Checking gimli v0.22.0
[INFO] [stderr]    Compiling openssl v0.10.30
[INFO] [stderr]     Checking percent-encoding v1.0.1
[INFO] [stderr]    Compiling failure_derive v0.1.8
[INFO] [stderr]     Checking percent-encoding v2.1.0
[INFO] [stderr]    Compiling syn v0.15.44
[INFO] [stderr]     Checking object v0.20.0
[INFO] [stderr]    Compiling native-tls v0.2.4
[INFO] [stderr]     Checking try-lock v0.2.3
[INFO] [stderr]     Checking unicode-width v0.1.8
[INFO] [stderr]    Compiling unicode-segmentation v1.6.0
[INFO] [stderr]    Compiling encoding_rs v0.8.23
[INFO] [stderr]     Checking openssl-probe v0.1.2
[INFO] [stderr]     Checking ansi_term v0.11.0
[INFO] [stderr]     Checking strsim v0.8.0
[INFO] [stderr]     Checking mime v0.3.16
[INFO] [stderr]     Checking vec_map v0.8.2
[INFO] [stderr]     Checking dtoa v0.4.6
[INFO] [stderr]     Checking difference v2.0.0
[INFO] [stderr]     Checking meta v0.1.0
[INFO] [stderr]    Compiling hashbrown v0.8.2
[INFO] [stderr]    Compiling indexmap v1.5.1
[INFO] [stderr]    Compiling unicase v2.6.0
[INFO] [stderr]     Checking lock_api v0.3.4
[INFO] [stderr]    Compiling error-chain v0.12.4
[INFO] [stderr]     Checking thread_local v1.0.1
[INFO] [stderr]     Checking try_from v0.3.2
[INFO] [stderr]     Checking unicode-bidi v0.3.4
[INFO] [stderr]     Checking miniz_oxide v0.4.1
[INFO] [stderr]     Checking tokio-sync v0.1.8
[INFO] [stderr]     Checking textwrap v0.11.0
[INFO] [stderr]     Checking unicode-normalization v0.1.13
[INFO] [stderr]    Compiling rand_pcg v0.1.2
[INFO] [stderr]    Compiling rand_chacha v0.1.1
[INFO] [stderr]    Compiling rand v0.6.5
[INFO] [stderr]     Checking crc32fast v1.2.0
[INFO] [stderr]     Checking crossbeam-utils v0.7.2
[INFO] [stderr]    Compiling hyper v0.12.35
[INFO] [stderr]    Compiling heck v0.3.1
[INFO] [stderr]    Compiling syn v1.0.39
[INFO] [stderr]     Checking want v0.2.0
[INFO] [stderr]     Checking smallvec v0.6.13
[INFO] [stderr]     Checking aho-corasick v0.7.13
[INFO] [stderr]     Checking tokio-executor v0.1.10
[INFO] [stderr]     Checking crossbeam-epoch v0.8.2
[INFO] [stderr]     Checking crossbeam-queue v0.2.3
[INFO] [stderr]     Checking base64 v0.10.1
[INFO] [stderr]    Compiling quote v0.6.13
[INFO] [stderr]     Checking tokio-current-thread v0.1.7
[INFO] [stderr]     Checking tokio-timer v0.2.13
[INFO] [stderr]     Checking iovec v0.1.4
[INFO] [stderr]     Checking num_cpus v1.13.0
[INFO] [stderr]     Checking parking_lot_core v0.6.2
[INFO] [stderr]     Checking net2 v0.2.34
[INFO] [stderr]     Checking time v0.1.43
[INFO] [stderr]     Checking rand_os v0.1.3
[INFO] [stderr]     Checking atty v0.2.14
[INFO] [stderr]     Checking flate2 v1.0.17
[INFO] [stderr]     Checking crossbeam-deque v0.7.3
[INFO] [stderr]     Checking idna v0.1.5
[INFO] [stderr]     Checking idna v0.2.0
[INFO] [stderr]    Compiling mime_guess v2.0.3
[INFO] [stderr]     Checking bytes v0.4.12
[INFO] [stderr]     Checking futures-cpupool v0.1.8
[INFO] [stderr]     Checking parking_lot v0.9.0
[INFO] [stderr]     Checking clap v2.33.3
[INFO] [stderr]     Checking mio v0.6.22
[INFO] [stderr]    Compiling openssl-sys v0.9.58
[INFO] [stderr]     Checking tokio-threadpool v0.1.18
[INFO] [stderr]     Checking regex v1.3.9
[INFO] [stderr]     Checking tokio-io v0.1.13
[INFO] [stderr]     Checking http v0.1.21
[INFO] [stderr]     Checking string v0.2.1
[INFO] [stderr]     Checking tokio-buf v0.1.1
[INFO] [stderr]     Checking url v1.7.2
[INFO] [stderr]     Checking url v2.1.1
[INFO] [stderr]     Checking tokio-reactor v0.1.12
[INFO] [stderr]     Checking addr2line v0.13.0
[INFO] [stderr]     Checking uuid v0.7.4
[INFO] [stderr]     Checking tokio-tcp v0.1.4
[INFO] [stderr]     Checking cookie v0.12.0
[INFO] [stderr]     Checking tokio v0.1.22
[INFO] [stderr]     Checking env_logger v0.5.13
[INFO] [stderr]     Checking publicsuffix v1.5.4
[INFO] [stderr]     Checking backtrace v0.3.50
[INFO] [stderr]    Compiling synstructure v0.12.4
[INFO] [stderr]     Checking h2 v0.1.26
[INFO] [stderr]     Checking http-body v0.1.0
[INFO] [stderr]    Compiling structopt-derive v0.2.18
[INFO] [stderr]    Compiling serde_derive v1.0.115
[INFO] [stderr]     Checking structopt v0.2.18
[INFO] [stderr]     Checking failure v0.1.8
[INFO] [stderr]     Checking hyper-tls v0.3.2
[INFO] [stderr]     Checking serde v1.0.115
[INFO] [stderr]     Checking serde_json v1.0.57
[INFO] [stderr]     Checking serde_urlencoded v0.5.5
[INFO] [stderr]     Checking toml v0.4.10
[INFO] [stderr]     Checking cookie_store v0.7.0
[INFO] [stderr]     Checking reqwest v0.9.24
[INFO] [stderr]     Checking rust-rosetta v0.0.1 (/opt/rustwide/workdir)
[INFO] [stdout] error[E0432]: unresolved imports `meta::Task`, `meta::TaskIndex`
[INFO] [stdout]   --> src/bin/coverage.rs:12:12
[INFO] [stdout]    |
[INFO] [stdout] 12 | use meta::{Task, TaskIndex};
[INFO] [stdout]    |            ^^^^  ^^^^^^^^^ no `TaskIndex` in the root
[INFO] [stdout]    |            |
[INFO] [stdout]    |            no `Task` in the root
[INFO] [stdout] 
[INFO] [stdout] 
[INFO] [stdout] error[E0277]: the size for values of type `str` cannot be known at compilation time
[INFO] [stdout]   --> src/bin/coverage.rs:56:35
[INFO] [stdout]    |
[INFO] [stdout] 56 |     if let (Some(ref local_code), Some(ref remote_code)) = (task.local_code(), task.remote_code()) {
[INFO] [stdout]    |                                   ^^^^^^^^^^^^^^^^^^^^^ doesn't have a size known at compile-time
[INFO] [stdout]    |
[INFO] [stdout]    = help: the trait `std::marker::Sized` is not implemented for `str`
[INFO] [stdout]    = note: to learn more, visit <https://doc.rust-lang.org/book/ch19-04-advanced-types.html#dynamically-sized-types-and-the-sized-trait>
[INFO] [stdout]    = note: required by `std::prelude::v1::Some`
[INFO] [stdout] 
[INFO] [stdout] 
[INFO] [stdout] error[E0277]: the size for values of type `str` cannot be known at compilation time
[INFO] [stdout]   --> src/bin/coverage.rs:56:13
[INFO] [stdout]    |
[INFO] [stdout] 56 |     if let (Some(ref local_code), Some(ref remote_code)) = (task.local_code(), task.remote_code()) {
[INFO] [stdout]    |             ^^^^^^^^^^^^^^^^^^^^ doesn't have a size known at compile-time
[INFO] [stdout]    |
[INFO] [stdout]    = help: the trait `std::marker::Sized` is not implemented for `str`
[INFO] [stdout]    = note: to learn more, visit <https://doc.rust-lang.org/book/ch19-04-advanced-types.html#dynamically-sized-types-and-the-sized-trait>
[INFO] [stdout]    = note: required by `std::prelude::v1::Some`
[INFO] [stdout] 
[INFO] [stdout] 
[INFO] [stdout] error: aborting due to 3 previous errors
[INFO] [stdout] 
[INFO] [stdout] 
[INFO] [stdout] Some errors have detailed explanations: E0277, E0432.
[INFO] [stdout] 
[INFO] [stdout] For more information about an error, try `rustc --explain E0277`.
[INFO] [stdout] 
[INFO] [stderr] error: could not compile `rust-rosetta`.
[INFO] [stderr] 
[INFO] [stderr] To learn more, run the command again with --verbose.
[INFO] [stderr] warning: build failed, waiting for other jobs to finish...
[INFO] [stdout] error[E0432]: unresolved import `meta::local`
[INFO] [stdout]  --> tests/meta.rs:9:5
[INFO] [stdout]   |
[INFO] [stdout] 9 | use meta::local;
[INFO] [stdout]   |     ^^^^^^^^^^^ no `local` in the root
[INFO] [stdout] 
[INFO] [stdout] 
[INFO] [stdout] error: aborting due to previous error
[INFO] [stdout] 
[INFO] [stdout] 
[INFO] [stdout] For more information about this error, try `rustc --explain E0432`.
[INFO] [stdout] 
[INFO] [stdout] error[E0432]: unresolved imports `meta::Task`, `meta::TaskIndex`
[INFO] [stdout]   --> src/bin/coverage.rs:12:12
[INFO] [stdout]    |
[INFO] [stdout] 12 | use meta::{Task, TaskIndex};
[INFO] [stdout]    |            ^^^^  ^^^^^^^^^ no `TaskIndex` in the root
[INFO] [stdout]    |            |
[INFO] [stdout]    |            no `Task` in the root
[INFO] [stdout] 
[INFO] [stdout] 
[INFO] [stdout] error[E0277]: the size for values of type `str` cannot be known at compilation time
[INFO] [stdout]   --> src/bin/coverage.rs:56:35
[INFO] [stdout]    |
[INFO] [stdout] 56 |     if let (Some(ref local_code), Some(ref remote_code)) = (task.local_code(), task.remote_code()) {
[INFO] [stdout]    |                                   ^^^^^^^^^^^^^^^^^^^^^ doesn't have a size known at compile-time
[INFO] [stdout]    |
[INFO] [stdout]    = help: the trait `std::marker::Sized` is not implemented for `str`
[INFO] [stdout]    = note: to learn more, visit <https://doc.rust-lang.org/book/ch19-04-advanced-types.html#dynamically-sized-types-and-the-sized-trait>
[INFO] [stdout]    = note: required by `std::prelude::v1::Some`
[INFO] [stdout] 
[INFO] [stdout] 
[INFO] [stdout] error[E0277]: the size for values of type `str` cannot be known at compilation time
[INFO] [stdout]   --> src/bin/coverage.rs:56:13
[INFO] [stdout]    |
[INFO] [stdout] 56 |     if let (Some(ref local_code), Some(ref remote_code)) = (task.local_code(), task.remote_code()) {
[INFO] [stdout]    |             ^^^^^^^^^^^^^^^^^^^^ doesn't have a size known at compile-time
[INFO] [stdout]    |
[INFO] [stdout]    = help: the trait `std::marker::Sized` is not implemented for `str`
[INFO] [stdout]    = note: to learn more, visit <https://doc.rust-lang.org/book/ch19-04-advanced-types.html#dynamically-sized-types-and-the-sized-trait>
[INFO] [stdout]    = note: required by `std::prelude::v1::Some`
[INFO] [stdout] 
[INFO] [stdout] 
[INFO] [stdout] error: aborting due to 3 previous errors
[INFO] [stdout] 
[INFO] [stdout] 
[INFO] [stdout] Some errors have detailed explanations: E0277, E0432.
[INFO] [stdout] 
[INFO] [stdout] For more information about an error, try `rustc --explain E0277`.
[INFO] [stdout] 
[INFO] [stderr] error: build failed
[INFO] running `Command { std: "docker" "inspect" "4e3ab3b9c4a575f9741eaf2ceb395706bf6a247ea957fab59748c740f504df17", kill_on_drop: false }`
[INFO] running `Command { std: "docker" "rm" "-f" "4e3ab3b9c4a575f9741eaf2ceb395706bf6a247ea957fab59748c740f504df17", kill_on_drop: false }`
[INFO] [stdout] 4e3ab3b9c4a575f9741eaf2ceb395706bf6a247ea957fab59748c740f504df17
